{"id":59,"date":"2024-11-21T14:59:14","date_gmt":"2024-11-21T07:59:14","guid":{"rendered":"http:\/\/flatsome.dev\/?page_id=3257"},"modified":"2024-11-21T15:08:43","modified_gmt":"2024-11-21T08:08:43","slug":"mega-shop","status":"publish","type":"page","link":"https:\/\/23win06.org\/","title":{"rendered":"23Win06 Com \u0110\u0103ng Nh\u1eadp | Khuy\u1ebfn M\u00e3i \u0110ang M\u1edf +118K"},"content":{"rendered":"<div class=\"slider-wrapper relative\" id=\"slider-1679005546\" >\n    <div class=\"slider slider-nav-circle slider-nav-large slider-nav-light slider-style-normal\"\n        data-flickity-options='{\n            \"cellAlign\": \"center\",\n            \"imagesLoaded\": true,\n            \"lazyLoad\": 1,\n            \"freeScroll\": false,\n            \"wrapAround\": true,\n            \"autoPlay\": 5000,\n            \"pauseAutoPlayOnHover\" : false,\n            \"prevNextButtons\": true,\n            \"contain\" : true,\n            \"adaptiveHeight\" : true,\n            \"dragThreshold\" : 10,\n            \"percentPosition\": true,\n            \"pageDots\": false,\n            \"rightToLeft\": false,\n            \"draggable\": true,\n            \"selectedAttraction\": 0.1,\n            \"parallax\" : 0,\n            \"friction\": 0.6        }'\n        >\n        \n\t<div class=\"img has-hover x md-x lg-x y md-y lg-y\" id=\"image_568120385\">\n\t\t\t\t\t\t\t\t<div class=\"img-inner dark\" >\n\t\t\t<img loading=\"lazy\" decoding=\"async\" width=\"640\" height=\"382\" src=\"https:\/\/23win06.org\/wp-content\/uploads\/2024\/11\/23win06-com-dang-nhap.webp\" class=\"attachment-large size-large\" alt=\"23win06 \u0111\u0103ng k\u00fd\" srcset=\"https:\/\/23win06.org\/wp-content\/uploads\/2024\/11\/23win06-com-dang-nhap.webp 640w, https:\/\/23win06.org\/wp-content\/uploads\/2024\/11\/23win06-com-dang-nhap-300x179.webp 300w\" sizes=\"auto, (max-width: 640px) 100vw, 640px\" \/>\t\t\t\t\t\t\n\t\t\t\t\t<\/div>\n\t\t\t\t\t\t\t\t\n<style>\n#image_568120385 {\n  width: 100%;\n}\n<\/style>\n\t<\/div>\n\t\n\t<div class=\"img has-hover x md-x lg-x y md-y lg-y\" id=\"image_1619954797\">\n\t\t\t\t\t\t\t\t<div class=\"img-inner dark\" >\n\t\t\t<img loading=\"lazy\" decoding=\"async\" width=\"1020\" height=\"239\" src=\"https:\/\/23win06.org\/wp-content\/uploads\/2019\/08\/slide-4-1024x240.jpg\" class=\"attachment-large size-large\" alt=\"\" srcset=\"https:\/\/23win06.org\/wp-content\/uploads\/2019\/08\/slide-4-1024x240.jpg 1024w, https:\/\/23win06.org\/wp-content\/uploads\/2019\/08\/slide-4-300x70.jpg 300w, https:\/\/23win06.org\/wp-content\/uploads\/2019\/08\/slide-4-768x180.jpg 768w, https:\/\/23win06.org\/wp-content\/uploads\/2019\/08\/slide-4-1536x360.jpg 1536w, https:\/\/23win06.org\/wp-content\/uploads\/2019\/08\/slide-4.jpg 1920w\" sizes=\"auto, (max-width: 1020px) 100vw, 1020px\" \/>\t\t\t\t\t\t\n\t\t\t\t\t<\/div>\n\t\t\t\t\t\t\t\t\n<style>\n#image_1619954797 {\n  width: 100%;\n}\n<\/style>\n\t<\/div>\n\t\n\t<div class=\"img has-hover x md-x lg-x y md-y lg-y\" id=\"image_691997136\">\n\t\t\t\t\t\t\t\t<div class=\"img-inner dark\" >\n\t\t\t<img loading=\"lazy\" decoding=\"async\" width=\"1020\" height=\"239\" src=\"https:\/\/23win06.org\/wp-content\/uploads\/2019\/08\/slide-5-1024x240.jpg\" class=\"attachment-large size-large\" alt=\"\" srcset=\"https:\/\/23win06.org\/wp-content\/uploads\/2019\/08\/slide-5-1024x240.jpg 1024w, https:\/\/23win06.org\/wp-content\/uploads\/2019\/08\/slide-5-300x70.jpg 300w, https:\/\/23win06.org\/wp-content\/uploads\/2019\/08\/slide-5-768x180.jpg 768w, https:\/\/23win06.org\/wp-content\/uploads\/2019\/08\/slide-5-1536x360.jpg 1536w, https:\/\/23win06.org\/wp-content\/uploads\/2019\/08\/slide-5.jpg 1920w\" sizes=\"auto, (max-width: 1020px) 100vw, 1020px\" \/>\t\t\t\t\t\t\n\t\t\t\t\t<\/div>\n\t\t\t\t\t\t\t\t\n<style>\n#image_691997136 {\n  width: 100%;\n}\n<\/style>\n\t<\/div>\n\t\n     <\/div>\n\n     <div class=\"loading-spin dark large centered\"><\/div>\n\n\t<\/div>\n\n\n\n\t<section class=\"section section1 dark hide-for-small\" id=\"section_470092840\">\n\t\t<div class=\"section-bg fill\" >\n\t\t\t\t\t\t\t\t\t<button class=\"scroll-for-more z-5 icon absolute bottom h-center\" aria-label=\"Cu\u1ed9n \u0111\u1ec3 bi\u1ebft th\u00eam\"><i class=\"icon-angle-down\" style=\"font-size:42px;\" ><\/i><\/button>\n\t\t\t\n\n\t\t<\/div>\n\n\t\t\n\n\t\t<div class=\"section-content relative\">\n\t\t\t\n<div class=\"row row-collapse row-full-width align-center row1\"  id=\"row-794496819\">\n\n\t<div id=\"col-1037624730\" class=\"col small-12 large-12\"  >\n\t\t\t\t<div class=\"col-inner text-center\"  >\n\t\t\t\n\t\t\t\n<div class=\"col-inner text-center\">\n<div id=\"row-321306411\" class=\"row row-collapse\">\n<div class=\"col medium-2 small-4 large-2\">\n<div class=\"col-inner\">\n<div class=\"bullhornMain\"><i class=\"fa fa-bullhorn\" aria-hidden=\"true\"><\/i> Th\u00f4ng b\u00e1o<\/div>\n<\/div>\n<\/div>\n<div class=\"col medium-10 small-8 large-10\">\n<div class=\"col-inner\">\n<p><span class=\"msTxt\">Nh\u00e0 c\u00e1i 23Win06 Com lu\u00f4n mang \u0111\u1ebfn tr\u1ea3i nghi\u1ec7m c\u00e1 c\u01b0\u1ee3c \u0111\u1ec9nh cao, chuy\u00ean nghi\u1ec7p v\u00e0 trung th\u1ef1c. L\u00e0 n\u1ec1n t\u1ea3ng c\u00e1 c\u01b0\u1ee3c \u0111\u00e1ng tin c\u1eady s\u1ed1 1 th\u1ecb tr\u01b0\u1eddng hi\u1ec7n nay.<\/span><\/p>\n<\/div>\n<\/div>\n<\/div>\n<\/div>\n\t\t<\/div>\n\t\t\t\t\n<style>\n#col-1037624730 > .col-inner {\n  padding: 57px 0px 2px 0px;\n  margin: -43px 29px -21px -8px;\n}\n<\/style>\n\t<\/div>\n\n\t\n\n<style>\n#row-794496819 > .col > .col-inner {\n  padding: 51px 8px 5px 0px;\n}\n<\/style>\n<\/div>\n\t\t<\/div>\n\n\t\t\n<style>\n#section_470092840 {\n  padding-top: 0px;\n  padding-bottom: 0px;\n  margin-bottom: 0px;\n  min-height: 0px;\n}\n<\/style>\n\t<\/section>\n\t\n\n\t<section class=\"section hide-for-small\" id=\"section_203962546\">\n\t\t<div class=\"section-bg fill\" >\n\t\t\t\t\t\t\t\t\t\n\t\t\t\n\n\t\t<\/div>\n\n\t\t\n\n\t\t<div class=\"section-content relative\">\n\t\t\t\n<div class=\"container section-title-container\" ><h2 class=\"section-title section-title-center\"><b><\/b><span class=\"section-title-main\" style=\"color:rgb(255, 0, 0);\">23Win06 Phi\u00ean b\u1ea3n M\u1edbi Nh\u1ea5t<\/span><b><\/b><\/h2><\/div>\n<div class=\"row\"  id=\"row-1055333733\">\n\n\t<div id=\"col-1511119069\" class=\"col medium-4 small-12 large-4\"  >\n\t\t\t\t<div class=\"col-inner\"  >\n\t\t\t\n\t\t\t\n\t<div class=\"box has-hover   has-hover box-shadow-2 box-text-bottom\" >\n\n\t\t<div class=\"box-image\" style=\"width:98%;\">\n\t\t\t\t\t\t<div class=\"image-zoom\" >\n\t\t\t\t\t\t\t\t\t\t\t\t\t\t\t<\/div>\n\t\t\t\t\t<\/div>\n\n\t\t<div class=\"box-text text-center\" >\n\t\t\t<div class=\"box-text-inner\">\n\t\t\t\t\n<h3><span style=\"color: #ed1c24;\">CUNG C\u1ea4P C\u00c1 C\u01af\u1ee2C XANH CH\u00cdN, MINH B\u1ea0CH<\/span><\/h3>\n<p><span style=\"color: #282828;\">V\u1edbi nhi\u1ec1u n\u0103m ho\u1ea1t \u0111\u1ed9ng <strong>23Win06 Com<\/strong> l\u00e0 \u0111\u1ed1i t\u00e1c tin c\u1eady \u0111\u1ec3 cung c\u1ea5p c\u00e1c lo\u1ea1i h\u00ecnh c\u00e1 c\u01b0\u1ee3c qu\u1ed1c t\u1ebf t\u1ea1i Vi\u1ec7t Nam. C\u00e1c \u0111\u1ed1i t\u00e1c uy t\u00edn nh\u01b0 JILI, PG Soft, SpadeGaming, Saba Sport, Sbobet, United Gaming, Dream Gaming, On Casino, Evolution Gaming, WM Casino,&#8230;\u0111\u1ec1u c\u00f3 s\u1ea3nh tr\u00f2 ch\u01a1i t\u1ea1i \u0111\u00e2y.<\/span><\/p>\n\t\t\t<\/div>\n\t\t<\/div>\n\t<\/div>\n\t\n\t\t<\/div>\n\t\t\t\t\t<\/div>\n\n\t\n\n\t<div id=\"col-1472946150\" class=\"col medium-4 small-12 large-4\"  >\n\t\t\t\t<div class=\"col-inner\"  >\n\t\t\t\n\t\t\t\n\t<div class=\"box has-hover   has-hover box-shadow-2 box-text-bottom\" >\n\n\t\t<div class=\"box-image\" >\n\t\t\t\t\t\t<div class=\"image-zoom\" >\n\t\t\t\t\t\t\t\t\t\t\t\t\t\t\t<\/div>\n\t\t\t\t\t<\/div>\n\n\t\t<div class=\"box-text text-center\" >\n\t\t\t<div class=\"box-text-inner\">\n\t\t\t\t\n<h3><span style=\"color: #ed1c24;\">\u0110\u0102NG K\u00dd D\u1ec4 D\u00c0NG &amp; B\u1ea2O M\u1eacT<\/span><\/h3>\n<p><span style=\"color: #282828;\">\u0110\u0103ng k\u00fd t\u00e0i kho\u1ea3n t\u1ea1i <strong>23Win06 <\/strong>c\u1ef1c k\u1ef3 d\u1ec5 d\u00e0ng v\u1edbi th\u1ee7 t\u1ee5c \u0111\u01a1n gi\u1ea3n, \u00edt quy \u0111\u1ecbnh ph\u1ee9c t\u1ea1p. Ng\u01b0\u1eddi ch\u01a1i ch\u1ec9 c\u1ea7n nh\u1eadp H\u1ecd t\u00ean, S\u1ed1 \u0111i\u1ec7n tho\u1ea1i v\u00e0 s\u1ed1 t\u00e0i kho\u1ea3n ng\u00e2n h\u00e0ng \u0111\u1ec3 c\u00f3 th\u1ec3 t\u1ea1o Acount v\u00e0 n\u1ea1p r\u00fat ti\u1ec1n.<\/span><\/p>\n\t\t\t<\/div>\n\t\t<\/div>\n\t<\/div>\n\t\n\t\t<\/div>\n\t\t\t\t\t<\/div>\n\n\t\n\n\t<div id=\"col-1301180750\" class=\"col medium-4 small-12 large-4\"  >\n\t\t\t\t<div class=\"col-inner\"  >\n\t\t\t\n\t\t\t\n\t<div class=\"box has-hover   has-hover box-shadow-2 box-text-bottom\" >\n\n\t\t<div class=\"box-image\" style=\"width:98%;\">\n\t\t\t\t\t\t<div class=\"image-zoom\" >\n\t\t\t\t\t\t\t\t\t\t\t\t\t\t\t<\/div>\n\t\t\t\t\t<\/div>\n\n\t\t<div class=\"box-text text-center\" >\n\t\t\t<div class=\"box-text-inner\">\n\t\t\t\t\n<h3><span style=\"color: #ed1c24;\">N\u1ea0P V\u00c0 R\u00daT TI\u1ec0N NHANH NH\u1ea4T<\/span><\/h3>\n<p><span style=\"color: #282828;\"><strong>23Win06 Com<\/strong> c\u00f3 T\u1ed5ng \u0111\u00e0i CSKH online 24\/7 v\u00e0 h\u1ec7 th\u1ed1ng c\u00e1c K\u00eanh thanh to\u00e1n b\u1ea3o m\u1eadt. H\u1ed7 tr\u1ee3 h\u1ed9i vi\u00ean n\u1ea1p r\u00fat ti\u1ec1n kh\u00f4ng gi\u1edbi h\u1ea1n ch\u1ec9 trong 1 \u0111\u1ebfn 5 ph\u00fat sau khi t\u1ea1o l\u1ec7nh.<\/span><\/p>\n\t\t\t<\/div>\n\t\t<\/div>\n\t<\/div>\n\t\n\t\t<\/div>\n\t\t\t\t\t<\/div>\n\n\t\n<\/div>\n<div class=\"row\"  id=\"row-206315075\">\n\n\t<div id=\"col-1316634840\" class=\"col medium-6 small-12 large-6\"  >\n\t\t\t\t<div class=\"col-inner\"  >\n\t\t\t\n\t\t\t\n<a href=\"https:\/\/23win06.org\/rjen\" class=\"button primary is-bevel is-large box-shadow-2 box-shadow-3-hover lowercase expand btn-signup\"  >\n\t\t<span>\u0110\u0103ng k\u00fd ngay<\/span>\n\t<\/a>\n\n\t\t<\/div>\n\t\t\t\t\t<\/div>\n\n\t\n\n\t<div id=\"col-1338040119\" class=\"col medium-6 small-12 large-6\"  >\n\t\t\t\t<div class=\"col-inner\"  >\n\t\t\t\n\t\t\t\n<a href=\"https:\/\/23win06.org\/rjen\" class=\"button success is-bevel is-large box-shadow-2 box-shadow-3-hover lowercase expand btn-help\"  >\n\t\t<span>\u0110\u0103ng nh\u1eadp<\/span>\n\t<\/a>\n\n\t\t<\/div>\n\t\t\t\t\t<\/div>\n\n\t\n\n<style>\n#row-206315075 > .col > .col-inner {\n  padding: 8px 0px 0px 0px;\n}\n<\/style>\n<\/div>\n\t\t<\/div>\n\n\t\t\n<style>\n#section_203962546 {\n  padding-top: 30px;\n  padding-bottom: 30px;\n}\n<\/style>\n\t<\/section>\n\t\n<\/p><\/div>\n<\/div>\n","protected":false},"excerpt":{"rendered":"","protected":false},"author":1,"featured_media":0,"parent":0,"menu_order":9,"comment_status":"closed","ping_status":"closed","template":"page-blank.php","meta":{"footnotes":""},"class_list":["post-59","page","type-page","status-publish","hentry"],"_links":{"self":[{"href":"https:\/\/23win06.org\/index.php?rest_route=\/wp\/v2\/pages\/59","targetHints":{"allow":["GET"]}}],"collection":[{"href":"https:\/\/23win06.org\/index.php?rest_route=\/wp\/v2\/pages"}],"about":[{"href":"https:\/\/23win06.org\/index.php?rest_route=\/wp\/v2\/types\/page"}],"author":[{"embeddable":true,"href":"https:\/\/23win06.org\/index.php?rest_route=\/wp\/v2\/users\/1"}],"replies":[{"embeddable":true,"href":"https:\/\/23win06.org\/index.php?rest_route=%2Fwp%2Fv2%2Fcomments&post=59"}],"version-history":[{"count":8,"href":"https:\/\/23win06.org\/index.php?rest_route=\/wp\/v2\/pages\/59\/revisions"}],"predecessor-version":[{"id":1888,"href":"https:\/\/23win06.org\/index.php?rest_route=\/wp\/v2\/pages\/59\/revisions\/1888"}],"wp:attachment":[{"href":"https:\/\/23win06.org\/index.php?rest_route=%2Fwp%2Fv2%2Fmedia&parent=59"}],"curies":[{"name":"wp","href":"https:\/\/api.w.org\/{rel}","templated":true}]}}